 of 5 and y?
5
Let k be 2*6/2*1. Calculate the greatest common factor of k and 30.
6
Suppose -2*y = -192 + 138. What is the greatest common factor of 243 and y?
27
Let t = -7 + 10. Suppose t*m = -5 + 20. Suppose 0 = -4*r - 0*r + 100. Calculate the highest common factor of r and m.
5
Let a be 23*-1*(-4)/4. Calculate the greatest common factor of a and 115.
23
Suppose 78 = 2*q + 58. Suppose 3*o = -51 + 171. Calculate the greatest common divisor of o and q.
10
Let t be 4/3*(-12)/(-8). Suppose -t*j - 2*j = -48. Suppose 2*v = 2*z - 4, -z - 5*v + 18 = z. Calculate the greatest common factor of z and j.
4
Let h(u) = -u**3 + 5*u**2 + u - 3. Let y be h(4). Let r = -74 - -40. Let a be r/(-1 - 6/(-8)). Calculate the highest common divisor of y and a.
17
Let u = 6 - 2. Suppose u*b - 500 = -4*t, -4*b + 4*t - 2*t + 506 = 0. Let s = b - 87. Calculate the greatest common divisor of 13 and s.
13
Suppose 29 = j + j - 5*g, 4*j - 33 = 5*g. Suppose 4*a - 112 = 2*q, -a + 0*q + j*q + 28 = 0. Let h = a + -18. Calculate the highest common divisor of 4 and h.
2
Let n(y) = y + 7. Let q be n(-4). Suppose 0 = v + q*v - 4. Let t be (v/1)/((-5)/(-40)). What is the greatest common divisor of t and 8?
8
Let r be (-4)/18 - 362/(-9). Suppose -3*i = -d + 16 - 87, 2*i - 70 = -5*d. Suppose -3*v + 5 = -i. Calculate the highest common divisor of v and r.
10
Let u be ((-1122)/17)/((-6)/16). Calculate the highest common divisor of 16 and u.
16
Let a = -146 + 165. Calculate the highest common divisor of 304 and a.
19
Let z(n) = n**2 - n + 28. Let u be 2/(-4) + 2/4. Let o be z(u). Calculate the highest common divisor of 70 and o.
14
Let y(w) be the first derivative of 2*w**3 + w**2/2 - w + 2. Let r be y(1). Calculate the greatest common divisor of 18 and r.
6
Suppose -4 + 1 = -3*f. Let s = 14 - f. Calculate the greatest common divisor of s and 117.
13
Suppose 2*o - 5*t - 30 = 0, o + 3*t = 2*o - 17. Suppose 2*m - q = 202, 2*m + 0*q - 218 = o*q. Calculate the highest common divisor of 11 and m.
11
Suppose 17*g = 13*g + 44. Calculate the highest common factor of g and 33.
11
Suppose 0 = 4*n + 3*n - 91. What is the greatest common factor of 104 and n?
13
Let a = 145 - 90. Calculate the greatest common factor of a and 11.
11
Let h(m) = -m**2 - 6*m + 3. Let x be h(-6). Let v be x/(-6) + (-2)/(-4). Suppose -12 = -b - v*b. What is the highest common divisor of b and 8?
4
Suppose 0 = 2*u - 3*u - 5. Let i be 1 - 1 - (8/4 + 9). Let r = u - i. What is the greatest common divisor of r and 6?
6
Let l(y) = -2*y + 7. Let o be l(3). Let f(v) = -v**3 - 7*v**2 - 6*v + 4. Let c be f(-6). Calculate the greatest common factor of c and o.
1
Suppose -14*g - 58 = -16*g. What is the highest common divisor of g and 29?
29
Suppose 2*z + 4 = 5*p, -4*z + 20 = -2*z + p. Calculate the greatest common factor of 80 and z.
8
Let i(r) be the first derivative of 4*r**3/3 + r**2/2 + 2*r - 1. Let k be i(2). What is the greatest common factor of k and 30?
10
Let y be 0*2/4 - 0. Let h(q) = 8*q - 2. Let u be h(-2). Let t = y - u. What is the highest common factor of t and 144?
18
Let d(g) be the third derivative of g**5/60 - g**4/24 - 2*g**3 + 5*g**2. Let r be d(-5). Calculate the highest common factor of 12 and r.
6
Suppose -2*v + 0 = -4*k + 10, -15 = 3*v + 3*k. Let y(j) = -12*j - 4. Let a be y(v). What is the greatest common factor of 7 and a?
7
Let c be 348/7 + 4/14. What is the greatest common factor of c and 20?
10
Suppose 0 = -2*d - 2*d + 168. Let o = -2 - -6. Suppose 56 = -o*q + 8*q. What is the greatest common divisor of q and d?
14
Suppose 5*n = -3*n + 1080. What is the greatest common factor of 15 and n?
15
Let k be ((-12)/(-16))/(6/32). Suppose d - 24 = -3*j, -4*d + 57 = -d + k*j. Calculate the greatest common divisor of d and 165.
15
Let g(k) = k**2 + k + 1. Let b be g(-2). Calculate the highest common factor of 3 and b.
3
Suppose 10 = 5*s + 5*n, 8 = 5*s + 6*n - 2*n. Let b(m) = s - 7*m**2 + 19*m**2 - 3*m + 3. Let g be b(2). What is the highest common divisor of 5 and g?
5
Let u = -3 - -23. Suppose 721 + 599 = 6*n. Calculate the greatest common factor of u and n.
20
Let u = -25 - -37. Suppose 3*l + 120 = 7*l. Calculate the greatest common divisor of u and l.
6
Suppose -p - 53 = -4*z, -2*z + 5*p + 29 + 20 = 0. What is the highest common factor of z and 18?
6
Suppose 57 - 2 = 5*v. What is the greatest common divisor of v and 121?
11
Let p = -109 + 259. Suppose -h + p = 4*h. Suppose 8 = 2*v - 4*m - 12, 2*m - 2 = 0. Calculate the greatest common divisor of h and v.
6
Let y = -52 - -187. Calculate the highest common divisor of y and 15.
15
Suppose 3*x - 96 = -x. Let g(f) = f**2 - f + 5. Let u be g(0). Let z = u + -2. Calculate the highest common divisor of z and x.
3
Let l be ((-9)/27)/((-1)/39). Calculate the highest common factor of 143 and l.
13
Let g be 2/(-3) + 6/9. Let z = g + 1. Suppose -z - 23 = -2*q. What is the highest common factor of q and 12?
12
Let h be (-2)/(-3)*21/2. Let r be (-2 - (-40)/25) + (-7)/(-5). What is the greatest common factor of h and r?
1
Suppose 0*y = -2*c - 2*y + 16, -3*c = -3*y - 30. What is the highest common factor of c and 99?
9
Let r be 5 + 1 - 3 - 2. Calculate the greatest common factor of r and 9.
1
Suppose -2*z - 6 = -5*i + 8, -4*i + 5*z + 18 = 0. Let g(j) = 4*j**2 - 3*j + 3. Let x be g(i). Calculate the greatest common factor of 65 and x.
13
Let t be (2 - (1 - 0))/((-3)/(-24)). Calculate the highest common factor of t and 88.
8
Suppose 22 = 4*k - 2*k. Let y = -12 - -8. Let f be 96 + 2 + (y - -5). What is the greatest common divisor of f and k?
11
Let m = -12 + 20. Let b(d) = 2*d - 7. Let q be b(6). Suppose 3*n = -2*n - s + 97, 0 = -4*n - q*s + 65. Calculate the highest common factor of m and n.
4
Let s = -5 - -5. Let r(l) = -l**2 + 2*l + 126. Let g be r(s). What is the greatest common divisor of g and 14?
14
Let g = 16 + -11. Suppose g*x - 428 + 128 = 0. What is the highest common factor of x and 20?
20
Let v(x) = x**3 - 5*x**2 + 4. Let i be v(5). Suppose 16 = -i*z - 0. Let y be (10/(-1))/(4/z). What is the highest common factor of y and 40?
10
Let c = 90 - 153. Let g = -12 - c. Calculate the highest common factor of g and 34.
17
Let w be 4/(-12) + 10/3. Suppose -i = w*i - 88. Calculate the highest common factor of i and 198.
22
Let g(j) = 6*j**2 + 2*j + 1. Let b be (-3)/2*(-10)/(-15). Let t be g(b). Suppose -t*h - 10 + 40 = 0. Calculate the highest common divisor of h and 66.
6
Let a = 37 + -28. Calculate the greatest common factor of a and 9.
9
Suppose -15*u + 540 = -6*u. What is the greatest common factor of u and 15?
15
Suppose -v - 5*b - 4 - 9 = 0, 2*v - b - 18 = 0. Suppose 2*x - v = 17. Suppose -25 = 5*g, 21 = 2*i - 2*g - 5. Calculate the greatest common divisor of x and i.
4
Let c be (-2)/(2*(-4)/12). Suppose 2*o - 2 = 16. What is the greatest common factor of o and c?
3
Let r = 138 + -197. Let m = r - -92. Suppose -5*p - 6 = -3*p + 5*h, -3*p + m = -3*h. What is the greatest common factor of 63 and p?
7
Let g = -19 + 34. Let h(u) = -2*u - 5. Let r be h(-10). What is the greatest common factor of r and g?
15
Let b(t) = 16*t + 8. Let d be b(5). Calculate the greatest common divisor of 8 and d.
8
Let t(m) = m**2 + 6. Let j be t(-8). Calculate the greatest common divisor of j and 10.
10
Let p = 24 + -13. Suppose 2*f - f - 265 = 0. Let h = f - 188. Calculate the highest common factor of h and p.
11
Let y(p) = 2*p - 1. Let m be y(-1). Let u be 1/(m - 129/(-42)). What is the highest common divisor of 42 and u?
14
Let o = 84 - -22. Suppose -2*p - d + o = 2*d, 5*p - 260 = -5*d. Suppose -4*a = -4*j + 68, 4*a = -4*j + 45 + 47. What is the greatest common factor of p and j?
10
Let r be 0/(-1) + 1 - 0. Suppose r = -f + 11. Suppose a - d - d = 84, 5*d = -3*a + 285. What is the greatest common factor of a and f?
10
Let r be -2 - 2 - (-1 + 1*-201). What is the highest common divisor of r and 22?
22
Suppose -3*f + 12 = 0, -3*r - 2 = -4*r - 2*f. Let k = 7 + r. Suppose 6 = 5*c + 1. What is the highest common divisor of k and c?
1
Let n be (8/(-2) - -3) + 1*27. Calculate the highest common factor of 39 and n.
13
Suppose 3*l + 3 - 27 = 0. Let d = 16 - l. Let u be (47 - -1)*(-19)/(-38). What is the highest common factor of u and d?
8
Let g be -20*4/(-16)*2. Let u(d) = 2*d**3 - 5*d**2 + 6*d -